{"id":4996,"date":"2012-05-10T14:45:04","date_gmt":"2012-05-10T12:45:04","guid":{"rendered":"https:\/\/www.schulelindern.de\/?page_id=4996"},"modified":"2021-02-12T11:53:55","modified_gmt":"2021-02-12T10:53:55","slug":"schulerbucherei-2","status":"publish","type":"page","link":"https:\/\/www.schulelindern.de\/?page_id=4996","title":{"rendered":"Sch\u00fclerb\u00fccherei"},"content":{"rendered":"<p>\n\t<span style=\"font-family: 'lucida sans unicode', 'lucida grande', sans-serif; font-size: 14px; \">T\u00e4glich in der 1. und 2. gro\u00dfen Pause machen sich Sch\u00fclerinnen auf den Weg zur Sch\u00fclerb\u00fccherei.&nbsp; Dort k\u00f6nnen sie kostenlos Abenteuer-, Kinder- Jugend- und Sachb\u00fccher ausleihen.&nbsp;<\/span>\n<\/p>\n<p>\n\t<span style=\"font-size:14px;\"><span style=\"font-family:lucida sans unicode,lucida grande,sans-serif;\">Diese Sch\u00fclerb\u00fccherei konnte aus Ertr\u00e4gen&nbsp; des&nbsp; Nikolausmarktes, mithilfe des F\u00f6rdervereins und durch Unterst\u00fctzung der Gemeinde entstehen. Inzwischen regen dort weit \u00fcber 1000 B\u00fccher&nbsp; zum Schnuppern und Schm\u00f6kern an. Es l\u00e4sst sich f\u00fcr alle Alterstufen und f\u00fcr jeden Geschmack etwas finden: Krimi,&nbsp; Jugendprobleme, Herz \u2013 Schmerzb\u00fccher oder Sachb\u00fccher &#8211; f\u00fcr jeden ist etwas dabei.<\/span><\/span>\n<\/p>\n<p>\n\t<span style=\"font-size:14px;\"><span style=\"font-family:lucida sans unicode,lucida grande,sans-serif;\">Jedes Jahr wird die B\u00fccherei mit neuen B\u00fcchern ausgestattet, sodass auch immer neben den Klassikern die&nbsp; aktuellen B\u00fccher auszuleihen sind \u2013 und das bequem und kostenlos.<\/span><\/span>\n<\/p>\n<p>\n\t<span style=\"font-size:14px;\"><span style=\"font-family:lucida sans unicode,lucida grande,sans-serif;\">Besonders stolz macht uns, dass die B\u00fccherei seit Jahren sehr sorgf\u00e4ltig und liebevoll von Sch\u00fclern und Sch\u00fclerinnen betreut wird. Sie sind&nbsp; freiwillig bereit in den Pausen dort B\u00fcchereidienst zu machen, an Nachmittagen neue B\u00fccher vorzubereiten, zu registrieren, einzuschlagen und sorgen auch daf\u00fcr, dass s\u00e4umige Sch\u00fcler und Sch\u00fclerinnen&nbsp; erinnert werden, ihre B\u00fccher wieder zur\u00fcckzubringen.<\/span><\/span>\n<\/p>\n<p>\n\t<span style=\"font-size:14px;\"><span style=\"font-family:lucida sans unicode,lucida grande,sans-serif;\">So ist die Sch\u00fclerb\u00fccherei eine kleine Erfolgsgeschichte unserer Schule.<\/span><\/span>\n<\/p>\n\n\n<ul class=\"wp-block-gallery columns-3 is-cropped wp-block-gallery-1 is-layout-flex wp-block-gallery-is-layout-flex\"><li class=\"blocks-gallery-item\"><figure><img loading=\"lazy\" decoding=\"async\" width=\"500\" height=\"375\" src=\"https:\/\/www.schulelindern.de\/wp-content\/uploads\/2021\/02\/2020-07-15-11.35.53-min-500x375.jpg\" alt=\"\" data-id=\"2423583\" data-link=\"https:\/\/www.schulelindern.de\/?attachment_id=2423583\" class=\"wp-image-2423583\" srcset=\"https:\/\/www.schulelindern.de\/wp-content\/uploads\/2021\/02\/2020-07-15-11.35.53-min-500x375.jpg 500w, https:\/\/www.schulelindern.de\/wp-content\/uploads\/2021\/02\/2020-07-15-11.35.53-min-300x225.jpg 300w, https:\/\/www.schulelindern.de\/wp-content\/uploads\/2021\/02\/2020-07-15-11.35.53-min-768x576.jpg 768w, https:\/\/www.schulelindern.de\/wp-content\/uploads\/2021\/02\/2020-07-15-11.35.53-min-400x300.jpg 400w\" sizes=\"auto, (max-width: 500px) 100vw, 500px\" \/><\/figure><\/li><li class=\"blocks-gallery-item\"><figure><img loading=\"lazy\" decoding=\"async\" width=\"500\" height=\"375\" src=\"https:\/\/www.schulelindern.de\/wp-content\/uploads\/2021\/02\/2020-07-15-11.36.02-min-500x375.jpg\" alt=\"\" data-id=\"2423584\" data-link=\"https:\/\/www.schulelindern.de\/?attachment_id=2423584\" class=\"wp-image-2423584\" srcset=\"https:\/\/www.schulelindern.de\/wp-content\/uploads\/2021\/02\/2020-07-15-11.36.02-min-500x375.jpg 500w, https:\/\/www.schulelindern.de\/wp-content\/uploads\/2021\/02\/2020-07-15-11.36.02-min-300x225.jpg 300w, https:\/\/www.schulelindern.de\/wp-content\/uploads\/2021\/02\/2020-07-15-11.36.02-min-768x576.jpg 768w, https:\/\/www.schulelindern.de\/wp-content\/uploads\/2021\/02\/2020-07-15-11.36.02-min-400x300.jpg 400w\" sizes=\"auto, (max-width: 500px) 100vw, 500px\" \/><\/figure><\/li><li class=\"blocks-gallery-item\"><figure><img loading=\"lazy\" decoding=\"async\" width=\"500\" height=\"375\" src=\"https:\/\/www.schulelindern.de\/wp-content\/uploads\/2021\/02\/2020-07-15-11.36.08-min-500x375.jpg\" alt=\"\" data-id=\"2423585\" data-link=\"https:\/\/www.schulelindern.de\/?attachment_id=2423585\" class=\"wp-image-2423585\" srcset=\"https:\/\/www.schulelindern.de\/wp-content\/uploads\/2021\/02\/2020-07-15-11.36.08-min-500x375.jpg 500w, https:\/\/www.schulelindern.de\/wp-content\/uploads\/2021\/02\/2020-07-15-11.36.08-min-300x225.jpg 300w, https:\/\/www.schulelindern.de\/wp-content\/uploads\/2021\/02\/2020-07-15-11.36.08-min-768x576.jpg 768w, https:\/\/www.schulelindern.de\/wp-content\/uploads\/2021\/02\/2020-07-15-11.36.08-min-400x300.jpg 400w\" sizes=\"auto, (max-width: 500px) 100vw, 500px\" \/><\/figure><\/li><li class=\"blocks-gallery-item\"><figure><img loading=\"lazy\" decoding=\"async\" width=\"500\" height=\"375\" src=\"https:\/\/www.schulelindern.de\/wp-content\/uploads\/2021\/02\/2020-07-15-11.36.13-min-500x375.jpg\" alt=\"\" data-id=\"2423586\" data-link=\"https:\/\/www.schulelindern.de\/?attachment_id=2423586\" class=\"wp-image-2423586\" srcset=\"https:\/\/www.schulelindern.de\/wp-content\/uploads\/2021\/02\/2020-07-15-11.36.13-min-500x375.jpg 500w, https:\/\/www.schulelindern.de\/wp-content\/uploads\/2021\/02\/2020-07-15-11.36.13-min-300x225.jpg 300w, https:\/\/www.schulelindern.de\/wp-content\/uploads\/2021\/02\/2020-07-15-11.36.13-min-768x576.jpg 768w, https:\/\/www.schulelindern.de\/wp-content\/uploads\/2021\/02\/2020-07-15-11.36.13-min-400x300.jpg 400w\" sizes=\"auto, (max-width: 500px) 100vw, 500px\" \/><\/figure><\/li><li class=\"blocks-gallery-item\"><figure><img loading=\"lazy\" decoding=\"async\" width=\"500\" height=\"375\" src=\"https:\/\/www.schulelindern.de\/wp-content\/uploads\/2021\/02\/2020-07-15-11.36.18-min-500x375.jpg\" alt=\"\" data-id=\"2423587\" data-link=\"https:\/\/www.schulelindern.de\/?attachment_id=2423587\" class=\"wp-image-2423587\" srcset=\"https:\/\/www.schulelindern.de\/wp-content\/uploads\/2021\/02\/2020-07-15-11.36.18-min-500x375.jpg 500w, https:\/\/www.schulelindern.de\/wp-content\/uploads\/2021\/02\/2020-07-15-11.36.18-min-300x225.jpg 300w, https:\/\/www.schulelindern.de\/wp-content\/uploads\/2021\/02\/2020-07-15-11.36.18-min-768x576.jpg 768w, https:\/\/www.schulelindern.de\/wp-content\/uploads\/2021\/02\/2020-07-15-11.36.18-min-400x300.jpg 400w\" sizes=\"auto, (max-width: 500px) 100vw, 500px\" \/><\/figure><\/li><li class=\"blocks-gallery-item\"><figure><img loading=\"lazy\" decoding=\"async\" width=\"500\" height=\"375\" src=\"https:\/\/www.schulelindern.de\/wp-content\/uploads\/2021\/02\/2020-07-15-11.36.35-min-500x375.jpg\" alt=\"\" data-id=\"2423588\" data-link=\"https:\/\/www.schulelindern.de\/?attachment_id=2423588\" class=\"wp-image-2423588\" srcset=\"https:\/\/www.schulelindern.de\/wp-content\/uploads\/2021\/02\/2020-07-15-11.36.35-min-500x375.jpg 500w, https:\/\/www.schulelindern.de\/wp-content\/uploads\/2021\/02\/2020-07-15-11.36.35-min-300x225.jpg 300w, https:\/\/www.schulelindern.de\/wp-content\/uploads\/2021\/02\/2020-07-15-11.36.35-min-768x576.jpg 768w, https:\/\/www.schulelindern.de\/wp-content\/uploads\/2021\/02\/2020-07-15-11.36.35-min-400x300.jpg 400w\" sizes=\"auto, (max-width: 500px) 100vw, 500px\" \/><\/figure><\/li><li class=\"blocks-gallery-item\"><figure><img loading=\"lazy\" decoding=\"async\" width=\"500\" height=\"375\" src=\"https:\/\/www.schulelindern.de\/wp-content\/uploads\/2021\/02\/2020-07-15-11.36.48-min-500x375.jpg\" alt=\"\" data-id=\"2423589\" data-link=\"https:\/\/www.schulelindern.de\/?attachment_id=2423589\" class=\"wp-image-2423589\" srcset=\"https:\/\/www.schulelindern.de\/wp-content\/uploads\/2021\/02\/2020-07-15-11.36.48-min-500x375.jpg 500w, https:\/\/www.schulelindern.de\/wp-content\/uploads\/2021\/02\/2020-07-15-11.36.48-min-300x225.jpg 300w, https:\/\/www.schulelindern.de\/wp-content\/uploads\/2021\/02\/2020-07-15-11.36.48-min-768x576.jpg 768w, https:\/\/www.schulelindern.de\/wp-content\/uploads\/2021\/02\/2020-07-15-11.36.48-min-400x300.jpg 400w\" sizes=\"auto, (max-width: 500px) 100vw, 500px\" \/><\/figure><\/li><li class=\"blocks-gallery-item\"><figure><img loading=\"lazy\" decoding=\"async\" width=\"500\" height=\"375\" src=\"https:\/\/www.schulelindern.de\/wp-content\/uploads\/2021\/02\/2020-07-15-11.37.19-min-500x375.jpg\" alt=\"\" data-id=\"2423590\" data-link=\"https:\/\/www.schulelindern.de\/?attachment_id=2423590\" class=\"wp-image-2423590\" srcset=\"https:\/\/www.schulelindern.de\/wp-content\/uploads\/2021\/02\/2020-07-15-11.37.19-min-500x375.jpg 500w, https:\/\/www.schulelindern.de\/wp-content\/uploads\/2021\/02\/2020-07-15-11.37.19-min-300x225.jpg 300w, https:\/\/www.schulelindern.de\/wp-content\/uploads\/2021\/02\/2020-07-15-11.37.19-min-768x576.jpg 768w, https:\/\/www.schulelindern.de\/wp-content\/uploads\/2021\/02\/2020-07-15-11.37.19-min-400x300.jpg 400w\" sizes=\"auto, (max-width: 500px) 100vw, 500px\" \/><\/figure><\/li><\/ul>\n","protected":false},"excerpt":{"rendered":"<p>T\u00e4glich in der 1. und 2. gro\u00dfen Pause machen sich Sch\u00fclerinnen auf den Weg zur Sch\u00fclerb\u00fccherei.&nbsp; Dort k\u00f6nnen sie kostenlos Abenteuer-, Kinder- Jugend- und Sachb\u00fccher ausleihen.&nbsp; Diese Sch\u00fclerb\u00fccherei konnte aus Ertr\u00e4gen&nbsp; des&nbsp; Nikolausmarktes, mithilfe des F\u00f6rdervereins und durch Unterst\u00fctzung der &hellip; <a href=\"https:\/\/www.schulelindern.de\/?page_id=4996\">Weiterlesen <span class=\"meta-nav\">&rarr;<\/span><\/a><\/p>\n","protected":false},"author":1,"featured_media":0,"parent":0,"menu_order":0,"comment_status":"closed","ping_status":"closed","template":"","meta":{"footnotes":""},"class_list":["post-4996","page","type-page","status-publish","hentry"],"_links":{"self":[{"href":"https:\/\/www.schulelindern.de\/index.php?rest_route=\/wp\/v2\/pages\/4996","targetHints":{"allow":["GET"]}}],"collection":[{"href":"https:\/\/www.schulelindern.de\/index.php?rest_route=\/wp\/v2\/pages"}],"about":[{"href":"https:\/\/www.schulelindern.de\/index.php?rest_route=\/wp\/v2\/types\/page"}],"author":[{"embeddable":true,"href":"https:\/\/www.schulelindern.de\/index.php?rest_route=\/wp\/v2\/users\/1"}],"replies":[{"embeddable":true,"href":"https:\/\/www.schulelindern.de\/index.php?rest_route=%2Fwp%2Fv2%2Fcomments&post=4996"}],"version-history":[{"count":2,"href":"https:\/\/www.schulelindern.de\/index.php?rest_route=\/wp\/v2\/pages\/4996\/revisions"}],"predecessor-version":[{"id":2423592,"href":"https:\/\/www.schulelindern.de\/index.php?rest_route=\/wp\/v2\/pages\/4996\/revisions\/2423592"}],"wp:attachment":[{"href":"https:\/\/www.schulelindern.de\/index.php?rest_route=%2Fwp%2Fv2%2Fmedia&parent=4996"}],"curies":[{"name":"wp","href":"https:\/\/api.w.org\/{rel}","templated":true}]}}