{"id":300,"date":"2012-04-14T15:56:20","date_gmt":"2012-04-14T13:56:20","guid":{"rendered":"http:\/\/www.s362649300.online.de\/wordpress\/?page_id=300"},"modified":"2025-03-14T10:37:24","modified_gmt":"2025-03-14T09:37:24","slug":"sozialpadagogin","status":"publish","type":"page","link":"https:\/\/www.schulelindern.de\/?page_id=300","title":{"rendered":"Sozialp\u00e4dagogin"},"content":{"rendered":"<p>Hallo zusammen,<\/p>\n<p>seit dem 21. April 2010 bin ich an der Grund- und Oberschule Lindern\u00a0als Sozialp\u00e4dagogin t\u00e4tig. Zudem leite ich den Jugendtreff &#8222;Treffer&#8220; der Gemeinde Lindern.<\/p>\n<p>Ich bin f\u00fcr alle Jugendlichen Ansprechpartnerin und versuche bestm\u00f6glich zu beraten und unterst\u00fctzend t\u00e4tig zu werden. Auch die Zusammenarbeit mit den Eltern\u00a0pflege ich.\u00a0In den vergangenen Jahren habe ich mir ein Netzwerk mit Firmen, Institutionen, Schulen und anderen wichtigen Stellen geschaffen. Mit vielen Einrichtungen besteht eine enge Kooperation.<\/p>\n<p>Zudem profitiere ich von dem Kontakt zu den Schulsozialp\u00e4dagogen des Landkreises Cloppenburg, der durch Netzwerktreffen und Arbeitszirkel besteht. Hier k\u00f6nnen Ideen und Ratschl\u00e4ge in Bezug auf die sozialp\u00e4dagogische Arbeit, aber auch f\u00fcr Fragen rund um Berufsorientierung und Pr\u00e4vention ausgetauscht werden.<\/p>\n<p>Im Gro\u00dfen und Ganzen bin ich Kontaktperson bei pers\u00f6nlichen Anliegen und Problemen jeglicher Art, ebenso Ansprechpartnerin f\u00fcr s\u00e4mtliche Fragen rund um das Thema Berufsorientierung. Durch das &#8222;offene B\u00fcro&#8220; besteht die M\u00f6glichkeit ein Gespr\u00e4ch mit mir zu f\u00fchren. Nat\u00fcrlich bin ich aber auch \u00fcber folgende Kontaktdaten erreichbar:<\/p>\n<p><img loading=\"lazy\" decoding=\"async\" class=\"wp-image-2424766  alignleft\" style=\"margin: 10px;\" title=\"D. H. 2\" src=\"https:\/\/www.schulelindern.de\/wp-content\/uploads\/2023\/07\/Denise-Hahnheiser-Foto-172x300.jpg\" alt=\"\" width=\"119\" height=\"200\" \/><\/p>\n<p>&nbsp;<\/p>\n<p><span style=\"font-family: 'lucida sans unicode', 'lucida grande', sans-serif;\">Sozialp\u00e4dagogin: <\/span><span style=\"font-family: 'lucida sans unicode', 'lucida grande', sans-serif;\">Denise Hahnheiser<br \/>\n<\/span><\/p>\n<p><span style=\"font-size: 12px;\"><span style=\"font-family: lucida sans unicode,lucida grande,sans-serif;\">E-Mail: denise.hahnheiser@schulelindern.net<\/span><\/span><\/p>\n<p>Liebe Gr\u00fc\u00dfe, eure Denise<\/p>\n<div><\/div>\n","protected":false},"excerpt":{"rendered":"<p>Hallo zusammen, seit dem 21. April 2010 bin ich an der Grund- und Oberschule Lindern\u00a0als Sozialp\u00e4dagogin t\u00e4tig. Zudem leite ich den Jugendtreff &#8222;Treffer&#8220; der Gemeinde Lindern. Ich bin f\u00fcr alle Jugendlichen Ansprechpartnerin und versuche bestm\u00f6glich zu beraten und unterst\u00fctzend t\u00e4tig &hellip; <a href=\"https:\/\/www.schulelindern.de\/?page_id=300\">Weiterlesen <span class=\"meta-nav\">&rarr;<\/span><\/a><\/p>\n","protected":false},"author":1,"featured_media":0,"parent":0,"menu_order":0,"comment_status":"closed","ping_status":"closed","template":"","meta":{"footnotes":""},"class_list":["post-300","page","type-page","status-publish","hentry"],"_links":{"self":[{"href":"https:\/\/www.schulelindern.de\/index.php?rest_route=\/wp\/v2\/pages\/300","targetHints":{"allow":["GET"]}}],"collection":[{"href":"https:\/\/www.schulelindern.de\/index.php?rest_route=\/wp\/v2\/pages"}],"about":[{"href":"https:\/\/www.schulelindern.de\/index.php?rest_route=\/wp\/v2\/types\/page"}],"author":[{"embeddable":true,"href":"https:\/\/www.schulelindern.de\/index.php?rest_route=\/wp\/v2\/users\/1"}],"replies":[{"embeddable":true,"href":"https:\/\/www.schulelindern.de\/index.php?rest_route=%2Fwp%2Fv2%2Fcomments&post=300"}],"version-history":[{"count":15,"href":"https:\/\/www.schulelindern.de\/index.php?rest_route=\/wp\/v2\/pages\/300\/revisions"}],"predecessor-version":[{"id":2425384,"href":"https:\/\/www.schulelindern.de\/index.php?rest_route=\/wp\/v2\/pages\/300\/revisions\/2425384"}],"wp:attachment":[{"href":"https:\/\/www.schulelindern.de\/index.php?rest_route=%2Fwp%2Fv2%2Fmedia&parent=300"}],"curies":[{"name":"wp","href":"https:\/\/api.w.org\/{rel}","templated":true}]}}

Sozialpädagogin

<p>Hallo zusammen,</p>
<p>seit dem 21. April 2010 bin ich an der Grund- und Oberschule Lindern als Sozialpädagogin tätig. Zudem leite ich den Jugendtreff &#8222;Treffer&#8220; der Gemeinde Lindern.</p>
<p>Ich bin für alle Jugendlichen Ansprechpartnerin und versuche bestmöglich zu beraten und unterstützend tätig zu werden. Auch die Zusammenarbeit mit den Eltern pflege ich. In den vergangenen Jahren habe ich mir ein Netzwerk mit Firmen, Institutionen, Schulen und anderen wichtigen Stellen geschaffen. Mit vielen Einrichtungen besteht eine enge Kooperation.</p>
<p>Zudem profitiere ich von dem Kontakt zu den Schulsozialpädagogen des Landkreises Cloppenburg, der durch Netzwerktreffen und Arbeitszirkel besteht. Hier können Ideen und Ratschläge in Bezug auf die sozialpädagogische Arbeit, aber auch für Fragen rund um Berufsorientierung und Prävention ausgetauscht werden.</p>
<p>Im Großen und Ganzen bin ich Kontaktperson bei persönlichen Anliegen und Problemen jeglicher Art, ebenso Ansprechpartnerin für sämtliche Fragen rund um das Thema Berufsorientierung. Durch das &#8222;offene Büro&#8220; besteht die Möglichkeit ein Gespräch mit mir zu führen. Natürlich bin ich aber auch über folgende Kontaktdaten erreichbar:</p>
<p><img loading="lazy" decoding="async" class="wp-image-2424766  alignleft" style="margin: 10px;" title="D. H. 2" src="https://www.schulelindern.de/wp-content/uploads/2023/07/Denise-Hahnheiser-Foto-172x300.jpg" alt="" width="119" height="200" /></p>
<p>&nbsp;</p>
<p><span style="font-family: 'lucida sans unicode', 'lucida grande', sans-serif;">Sozialpädagogin: </span><span style="font-family: 'lucida sans unicode', 'lucida grande', sans-serif;">Denise Hahnheiser<br />
</span></p>
<p><span style="font-size: 12px;"><span style="font-family: lucida sans unicode,lucida grande,sans-serif;">E-Mail: denise.hahnheiser@schulelindern.net</span></span></p>
<p>Liebe Grüße, eure Denise</p>
<div></div>

<p>Hallo zusammen, seit dem 21. April 2010 bin ich an der Grund- und Oberschule Lindern als Sozialpädagogin tätig. Zudem leite ich den Jugendtreff &#8222;Treffer&#8220; der Gemeinde Lindern. Ich bin für alle Jugendlichen Ansprechpartnerin und versuche bestmöglich zu beraten und unterstützend tätig &hellip; <a href="https://www.schulelindern.de/?page_id=300">Weiterlesen <span class="meta-nav">&rarr;</span></a></p>
