{"id":2424192,"date":"2022-01-19T11:20:27","date_gmt":"2022-01-19T10:20:27","guid":{"rendered":"https:\/\/www.schulelindern.de\/?page_id=2424192"},"modified":"2022-01-19T11:24:03","modified_gmt":"2022-01-19T10:24:03","slug":"unsere-schule-stellt-sich-vor","status":"publish","type":"page","link":"https:\/\/www.schulelindern.de\/?page_id=2424192","title":{"rendered":"Unsere Schule stellt sich vor"},"content":{"rendered":"\n<p>In der unten stehenden Pr\u00e4sentation m\u00f6chten wir Ihnen unsere Schule vorstellen. Sie finden hier Informationen zum Schulangebot, den bei uns erwerbbaren Abschl\u00fcssen sowie weiteres Wissenswertes rund um die Oberschule Lindern.<\/p>\n\n\n\n<div class=\"wp-block-file\"><a href=\"https:\/\/www.schulelindern.de\/wp-content\/uploads\/2022\/01\/Die-Oberschule-Lindern-stellt-sich-vor-1.pptx\">Die-Oberschule-Lindern-stellt-sich-vor-1<\/a><a href=\"https:\/\/www.schulelindern.de\/wp-content\/uploads\/2022\/01\/Die-Oberschule-Lindern-stellt-sich-vor-1.pptx\" class=\"wp-block-file__button\" download>Herunterladen<\/a><\/div>\n\n\n\n<p><\/p>\n","protected":false},"excerpt":{"rendered":"<p>In der unten stehenden Pr\u00e4sentation m\u00f6chten wir Ihnen unsere Schule vorstellen. Sie finden hier Informationen zum Schulangebot, den bei uns erwerbbaren Abschl\u00fcssen sowie weiteres Wissenswertes rund um die Oberschule Lindern.<\/p>\n","protected":false},"author":1002,"featured_media":0,"parent":0,"menu_order":0,"comment_status":"closed","ping_status":"closed","template":"","meta":{"footnotes":""},"class_list":["post-2424192","page","type-page","status-publish","hentry"],"_links":{"self":[{"href":"https:\/\/www.schulelindern.de\/index.php?rest_route=\/wp\/v2\/pages\/2424192","targetHints":{"allow":["GET"]}}],"collection":[{"href":"https:\/\/www.schulelindern.de\/index.php?rest_route=\/wp\/v2\/pages"}],"about":[{"href":"https:\/\/www.schulelindern.de\/index.php?rest_route=\/wp\/v2\/types\/page"}],"author":[{"embeddable":true,"href":"https:\/\/www.schulelindern.de\/index.php?rest_route=\/wp\/v2\/users\/1002"}],"replies":[{"embeddable":true,"href":"https:\/\/www.schulelindern.de\/index.php?rest_route=%2Fwp%2Fv2%2Fcomments&post=2424192"}],"version-history":[{"count":2,"href":"https:\/\/www.schulelindern.de\/index.php?rest_route=\/wp\/v2\/pages\/2424192\/revisions"}],"predecessor-version":[{"id":2424196,"href":"https:\/\/www.schulelindern.de\/index.php?rest_route=\/wp\/v2\/pages\/2424192\/revisions\/2424196"}],"wp:attachment":[{"href":"https:\/\/www.schulelindern.de\/index.php?rest_route=%2Fwp%2Fv2%2Fmedia&parent=2424192"}],"curies":[{"name":"wp","href":"https:\/\/api.w.org\/{rel}","templated":true}]}}