{"id":2422627,"date":"2018-09-05T14:57:45","date_gmt":"2018-09-05T12:57:45","guid":{"rendered":"https:\/\/www.schulelindern.de\/?page_id=2422627"},"modified":"2020-08-11T11:30:59","modified_gmt":"2020-08-11T09:30:59","slug":"wegweiser-durch-die-obs","status":"publish","type":"page","link":"https:\/\/www.schulelindern.de\/?page_id=2422627","title":{"rendered":"Wegweiser durch die OBS"},"content":{"rendered":"<p>Jeder Jahrgang hat seine Besonderheiten. Zu jedem Jahrgang gibt es schon am Anfang des Schuljahres feststehende, wichtige Informationen und Hinweise.<\/p>\n<p>Aufsteigend bietet die OBS Lindern mit Beginn des Schuljahres 2018\/19 Eltern, Sch\u00fclern und Interessierten mit dem Wegweiser einen \u00dcberblick \u00fcber das bevorstehende Jahr.<\/p>\n<p><a href=\"https:\/\/www.schulelindern.de\/wp-content\/uploads\/2019\/08\/Wegweiser-Klasse-5.docx\">Wegweiser Klasse 5<\/a><\/p>\n<p><a href=\"https:\/\/www.schulelindern.de\/wp-content\/uploads\/2019\/08\/Wegweiser-Klasse-6.docx\">Wegweiser Klasse 6<\/a><\/p>\n<p><a href=\"https:\/\/www.schulelindern.de\/wp-content\/uploads\/2020\/08\/Wegweiser-Klasse-7.docx\">Wegweiser Klasse 7<\/a><\/p>\n","protected":false},"excerpt":{"rendered":"<p>Jeder Jahrgang hat seine Besonderheiten. Zu jedem Jahrgang gibt es schon am Anfang des Schuljahres feststehende, wichtige Informationen und Hinweise. Aufsteigend bietet die OBS Lindern mit Beginn des Schuljahres 2018\/19 Eltern, Sch\u00fclern und Interessierten mit dem Wegweiser einen \u00dcberblick \u00fcber &hellip; <a href=\"https:\/\/www.schulelindern.de\/?page_id=2422627\">Weiterlesen <span class=\"meta-nav\">&rarr;<\/span><\/a><\/p>\n","protected":false},"author":3,"featured_media":0,"parent":0,"menu_order":0,"comment_status":"closed","ping_status":"closed","template":"","meta":{"footnotes":""},"class_list":["post-2422627","page","type-page","status-publish","hentry"],"_links":{"self":[{"href":"https:\/\/www.schulelindern.de\/index.php?rest_route=\/wp\/v2\/pages\/2422627","targetHints":{"allow":["GET"]}}],"collection":[{"href":"https:\/\/www.schulelindern.de\/index.php?rest_route=\/wp\/v2\/pages"}],"about":[{"href":"https:\/\/www.schulelindern.de\/index.php?rest_route=\/wp\/v2\/types\/page"}],"author":[{"embeddable":true,"href":"https:\/\/www.schulelindern.de\/index.php?rest_route=\/wp\/v2\/users\/3"}],"replies":[{"embeddable":true,"href":"https:\/\/www.schulelindern.de\/index.php?rest_route=%2Fwp%2Fv2%2Fcomments&post=2422627"}],"version-history":[{"count":3,"href":"https:\/\/www.schulelindern.de\/index.php?rest_route=\/wp\/v2\/pages\/2422627\/revisions"}],"predecessor-version":[{"id":2423250,"href":"https:\/\/www.schulelindern.de\/index.php?rest_route=\/wp\/v2\/pages\/2422627\/revisions\/2423250"}],"wp:attachment":[{"href":"https:\/\/www.schulelindern.de\/index.php?rest_route=%2Fwp%2Fv2%2Fmedia&parent=2422627"}],"curies":[{"name":"wp","href":"https:\/\/api.w.org\/{rel}","templated":true}]}}