{"id":19,"date":"2012-04-12T14:09:31","date_gmt":"2012-04-12T12:09:31","guid":{"rendered":"http:\/\/www.s362649300.online.de\/wordpress\/?page_id=19"},"modified":"2024-08-28T15:48:14","modified_gmt":"2024-08-28T13:48:14","slug":"19-2","status":"publish","type":"page","link":"https:\/\/www.schulelindern.de\/?page_id=19","title":{"rendered":"Willkommen!"},"content":{"rendered":"<p style=\"text-align: center;\"><span style=\"font-size: small;\"><span style=\"font-family: 'lucida sans unicode', 'lucida grande', sans-serif;\"><strong>Herzlich Willkommen auf der Homepage<\/strong><\/span><\/span><\/p>\n<p style=\"text-align: center;\"><span style=\"font-size: small;\"><span style=\"font-family: 'lucida sans unicode', 'lucida grande', sans-serif;\">der Grund- und Oberschule Lindern!<\/span><\/span><\/p>\n<p style=\"text-align: center;\"><span style=\"font-size: small;\"><span style=\"font-family: 'lucida sans unicode', 'lucida grande', sans-serif;\"><strong>Viele Teile ergeben ein Ganzes &#8211; das sind wir!<\/strong><\/span><\/span><\/p>\n<div style=\"text-align: center;\">\u00a0<\/div>\n<p><strong><img decoding=\"async\" class=\"alignright\" src=\"https:\/\/www.schulelindern.de\/wp-content\/uploads\/2012\/04\/Reinhard-Homepage-199x300.jpg\" \/>Wir<\/strong> &#8211; das sind 300 Sch\u00fclerinnen und Sch\u00fcler.<\/p>\n<p><strong>Wir<\/strong> &#8211; das sind 24 Kolleginnen und Kollegen, darunter auch unsere Sozialp\u00e4dagogin.<\/p>\n<p><strong>Wir<\/strong> \u2013 das sind 5 P\u00e4dagogische Mitarbeiterinnen, die kontinuierlich in der Verl\u00e4sslichen Grundschule und seit dem 01.09.2012 auch im Ganztagsbetrieb arbeiten.<\/p>\n<p><strong>Wir<\/strong> \u2013 das sind 11 Mitarbeiter und Mitarbeiterinnen.<\/p>\n<p><strong>Wir<\/strong> sind seit dem Schuljahr 2012\/13 Ganztagsschule: Offene Ganztagsschule in der Grundschule und teiloffene Ganztagsschule in der Oberschule.<\/p>\n<p><strong>Wir<\/strong> sind eine vielf\u00e4ltige und bunte Schule: Kinder mit den verschiedenen Nationalit\u00e4ten, Kinder mit und ohne Behinderung, Kinder mit Schw\u00e4chen und St\u00e4rken finden ihren Platz in unserer Schule.<\/p>\n<p><strong>Wir<\/strong> lernen voneinander und miteinander.<\/p>\n<p>Aktionen, Termine und Besonderheiten unseres Schullebens k\u00f6nnen auf unserer Hompage in Erfahrung gebracht werden.<\/p>\n<p>Nun w\u00fcnsche ich viel Spa\u00df beim St\u00f6bern und Entdecken.<\/p>\n<p style=\"text-align: left;\"><span style=\"font-size: small;\"><em><span style=\"font-family: 'lucida sans unicode', 'lucida grande', sans-serif;\">Reinhard Jordan, Rektor<\/span><\/em><\/span><\/p>\n<div id=\"gtx-trans\" style=\"position: absolute; left: -5px; top: 857.852px;\">\n<div class=\"gtx-trans-icon\">\u00a0<\/div>\n<\/div>\n\n\n<p><\/p>\n","protected":false},"excerpt":{"rendered":"<p>Herzlich Willkommen auf der Homepage der Grund- und Oberschule Lindern! Viele Teile ergeben ein Ganzes &#8211; das sind wir! \u00a0 Wir &#8211; das sind 300 Sch\u00fclerinnen und Sch\u00fcler. Wir &#8211; das sind 24 Kolleginnen und Kollegen, darunter auch unsere Sozialp\u00e4dagogin. &hellip; <a href=\"https:\/\/www.schulelindern.de\/?page_id=19\">Weiterlesen <span class=\"meta-nav\">&rarr;<\/span><\/a><\/p>\n","protected":false},"author":1,"featured_media":0,"parent":0,"menu_order":0,"comment_status":"closed","ping_status":"closed","template":"","meta":{"footnotes":""},"class_list":["post-19","page","type-page","status-publish","hentry"],"_links":{"self":[{"href":"https:\/\/www.schulelindern.de\/index.php?rest_route=\/wp\/v2\/pages\/19","targetHints":{"allow":["GET"]}}],"collection":[{"href":"https:\/\/www.schulelindern.de\/index.php?rest_route=\/wp\/v2\/pages"}],"about":[{"href":"https:\/\/www.schulelindern.de\/index.php?rest_route=\/wp\/v2\/types\/page"}],"author":[{"embeddable":true,"href":"https:\/\/www.schulelindern.de\/index.php?rest_route=\/wp\/v2\/users\/1"}],"replies":[{"embeddable":true,"href":"https:\/\/www.schulelindern.de\/index.php?rest_route=%2Fwp%2Fv2%2Fcomments&post=19"}],"version-history":[{"count":17,"href":"https:\/\/www.schulelindern.de\/index.php?rest_route=\/wp\/v2\/pages\/19\/revisions"}],"predecessor-version":[{"id":2425165,"href":"https:\/\/www.schulelindern.de\/index.php?rest_route=\/wp\/v2\/pages\/19\/revisions\/2425165"}],"wp:attachment":[{"href":"https:\/\/www.schulelindern.de\/index.php?rest_route=%2Fwp%2Fv2%2Fmedia&parent=19"}],"curies":[{"name":"wp","href":"https:\/\/api.w.org\/{rel}","templated":true}]}}

<p style="text-align: center;"><span style="font-size: small;"><span style="font-family: 'lucida sans unicode', 'lucida grande', sans-serif;"><strong>Herzlich Willkommen auf der Homepage</strong></span></span></p>
<p style="text-align: center;"><span style="font-size: small;"><span style="font-family: 'lucida sans unicode', 'lucida grande', sans-serif;">der Grund- und Oberschule Lindern!</span></span></p>
<p style="text-align: center;"><span style="font-size: small;"><span style="font-family: 'lucida sans unicode', 'lucida grande', sans-serif;"><strong>Viele Teile ergeben ein Ganzes &#8211; das sind wir!</strong></span></span></p>
<div style="text-align: center;"> </div>
<p><strong><img decoding="async" class="alignright" src="https://www.schulelindern.de/wp-content/uploads/2012/04/Reinhard-Homepage-199x300.jpg" />Wir</strong> &#8211; das sind 300 Schülerinnen und Schüler.</p>
<p><strong>Wir</strong> &#8211; das sind 24 Kolleginnen und Kollegen, darunter auch unsere Sozialpädagogin.</p>
<p><strong>Wir</strong> – das sind 5 Pädagogische Mitarbeiterinnen, die kontinuierlich in der Verlässlichen Grundschule und seit dem 01.09.2012 auch im Ganztagsbetrieb arbeiten.</p>
<p><strong>Wir</strong> – das sind 11 Mitarbeiter und Mitarbeiterinnen.</p>
<p><strong>Wir</strong> sind seit dem Schuljahr 2012/13 Ganztagsschule: Offene Ganztagsschule in der Grundschule und teiloffene Ganztagsschule in der Oberschule.</p>
<p><strong>Wir</strong> sind eine vielfältige und bunte Schule: Kinder mit den verschiedenen Nationalitäten, Kinder mit und ohne Behinderung, Kinder mit Schwächen und Stärken finden ihren Platz in unserer Schule.</p>
<p><strong>Wir</strong> lernen voneinander und miteinander.</p>
<p>Aktionen, Termine und Besonderheiten unseres Schullebens können auf unserer Hompage in Erfahrung gebracht werden.</p>
<p>Nun wünsche ich viel Spaß beim Stöbern und Entdecken.</p>
<p style="text-align: left;"><span style="font-size: small;"><em><span style="font-family: 'lucida sans unicode', 'lucida grande', sans-serif;">Reinhard Jordan, Rektor</span></em></span></p>
<div id="gtx-trans" style="position: absolute; left: -5px; top: 857.852px;">
<div class="gtx-trans-icon"> </div>
</div>


<p></p>

<p>Herzlich Willkommen auf der Homepage der Grund- und Oberschule Lindern! Viele Teile ergeben ein Ganzes &#8211; das sind wir!   Wir &#8211; das sind 300 Schülerinnen und Schüler. Wir &#8211; das sind 24 Kolleginnen und Kollegen, darunter auch unsere Sozialpädagogin. &hellip; <a href="https://www.schulelindern.de/?page_id=19">Weiterlesen <span class="meta-nav">&rarr;</span></a></p>
